{"id":1970,"date":"2018-11-26T10:07:27","date_gmt":"2018-11-26T10:07:27","guid":{"rendered":"http:\/\/theorasite.org\/wptest\/?page_id=1970"},"modified":"2025-03-08T22:03:56","modified_gmt":"2025-03-08T21:03:56","slug":"cours-de-laboratoire-argentique","status":"publish","type":"page","link":"https:\/\/www.ansara-photo.com\/?page_id=1970","title":{"rendered":"Cours de Laboratoire Argentique"},"content":{"rendered":"<p>Je vais mettre en place tr\u00e8s prochainement des stages de laboratoire argentique noir et blanc dans mon atelier \u00e0 Paris. Les groupes seront compos\u00e9s de 2 \u00e0 4 personnes maximum pour que chacun puisse s&rsquo;entra\u00eener au d\u00e9veloppement et au tirage pendant le stage.<\/p>\r\n<p><strong>Les stages de d\u00e9veloppement dureront environ 3 heures.<\/strong><\/p>\r\n<ul>\r\n<li>Il vous sera demand\u00e9 d&rsquo;apporter une pellicule NB expos\u00e9e pour la d\u00e9velopper.<\/li>\r\n<\/ul>\r\n<p><strong>Les stages d&rsquo;initiation au tirage avec un agrandisseur dureront de 4 \u00e0 5h. Ils seront de deux types.<\/strong><\/p>\r\n<ul>\r\n<li>Le stage d&rsquo;initiation I sera consacr\u00e9 \u00e0 l&rsquo;apprentissage du contr\u00f4le de la densit\u00e9.<\/li>\r\n<li>Le stage d&rsquo;initiation II sera consacr\u00e9 \u00e0 la ma\u00eetrise du contr\u00f4le du contraste.<\/li>\r\n<\/ul>\r\n<p>Il sera propos\u00e9 \u00e9galement des cours d&rsquo;approfondissement ult\u00e9rieurement.<\/p>\r\n<p><br \/>Je vais \u00e9galement mettre en place des stages d&rsquo;initiation au laboratoire agentique sur un week-end, avec deux sessions. L&rsquo;une sera d\u00e9di\u00e9e au d\u00e9veloppement de films argentiques, et l&rsquo;autre \u00e0 la technique de tirage avec un agrandisseur.<br \/><br \/>En fonction des possibilit\u00e9s des participants, ces deux sessions pourront avoir lieu en un ou deux week-end, ou en deux soir\u00e9es en semaine.<br \/><br \/><strong>Le calendrier des sessions sera prochainement en ligne sur ce site et sur mon compte Instagram @_hyposulfite_<\/strong><\/p>","protected":false},"excerpt":{"rendered":"<p>Je vais mettre en place tr\u00e8s prochainement des stages de laboratoire argentique noir et blanc dans mon atelier \u00e0 Paris. Les groupes seront compos\u00e9s de 2 \u00e0 4 personnes maximum pour que chacun puisse s&rsquo;entra\u00eener au d\u00e9veloppement et au tirage pendant le stage. Les stages de d\u00e9veloppement dureront environ 3 heures. Il vous sera demand\u00e9 [&hellip;]<\/p>\n","protected":false},"author":1,"featured_media":0,"parent":0,"menu_order":0,"comment_status":"closed","ping_status":"closed","template":"","meta":{"footnotes":""},"class_list":["post-1970","page","type-page","status-publish","hentry"],"yoast_head":"<!-- This site is optimized with the Yoast SEO plugin v25.3.1 - https:\/\/yoast.com\/wordpress\/plugins\/seo\/ -->\n<title>Cours de Laboratoire Argentique - Karin Ansara<\/title>\n<meta name=\"description\" content=\"Apprendre \u00e0 d\u00e9velopper ses films argentiques et \u00e0 tirer ses photos dans un atelier photo du 12e \u00e0 Paris\" \/>\n<meta name=\"robots\" content=\"index, follow, max-snippet:-1, max-image-preview:large, max-video-preview:-1\" \/>\n<link rel=\"canonical\" href=\"https:\/\/www.ansara-photo.com\/?page_id=1970\" \/>\n<meta property=\"og:locale\" content=\"fr_FR\" \/>\n<meta property=\"og:type\" content=\"article\" \/>\n<meta property=\"og:title\" content=\"Cours de Laboratoire Argentique - Karin Ansara\" \/>\n<meta property=\"og:description\" content=\"Apprendre \u00e0 d\u00e9velopper ses films argentiques et \u00e0 tirer ses photos dans un atelier photo du 12e \u00e0 Paris\" \/>\n<meta property=\"og:url\" content=\"https:\/\/www.ansara-photo.com\/?page_id=1970\" \/>\n<meta property=\"og:site_name\" content=\"Karin Ansara\" \/>\n<meta property=\"article:modified_time\" content=\"2025-03-08T21:03:56+00:00\" \/>\n<meta name=\"twitter:card\" content=\"summary_large_image\" \/>\n<meta name=\"twitter:label1\" content=\"Dur\u00e9e de lecture estim\u00e9e\" \/>\n\t<meta name=\"twitter:data1\" content=\"1 minute\" \/>\n<script type=\"application\/ld+json\" class=\"yoast-schema-graph\">{\"@context\":\"https:\/\/schema.org\",\"@graph\":[{\"@type\":\"WebPage\",\"@id\":\"https:\/\/www.ansara-photo.com\/?page_id=1970\",\"url\":\"https:\/\/www.ansara-photo.com\/?page_id=1970\",\"name\":\"Cours de Laboratoire Argentique - Karin Ansara\",\"isPartOf\":{\"@id\":\"https:\/\/www.ansara-photo.com\/#website\"},\"datePublished\":\"2018-11-26T10:07:27+00:00\",\"dateModified\":\"2025-03-08T21:03:56+00:00\",\"description\":\"Apprendre \u00e0 d\u00e9velopper ses films argentiques et \u00e0 tirer ses photos dans un atelier photo du 12e \u00e0 Paris\",\"breadcrumb\":{\"@id\":\"https:\/\/www.ansara-photo.com\/?page_id=1970#breadcrumb\"},\"inLanguage\":\"fr-FR\",\"potentialAction\":[{\"@type\":\"ReadAction\",\"target\":[\"https:\/\/www.ansara-photo.com\/?page_id=1970\"]}]},{\"@type\":\"BreadcrumbList\",\"@id\":\"https:\/\/www.ansara-photo.com\/?page_id=1970#breadcrumb\",\"itemListElement\":[{\"@type\":\"ListItem\",\"position\":1,\"name\":\"Home\",\"item\":\"https:\/\/www.ansara-photo.com\/\"},{\"@type\":\"ListItem\",\"position\":2,\"name\":\"Cours de Laboratoire Argentique\"}]},{\"@type\":\"WebSite\",\"@id\":\"https:\/\/www.ansara-photo.com\/#website\",\"url\":\"https:\/\/www.ansara-photo.com\/\",\"name\":\"www.ansara-photo.com\",\"description\":\"Photographe\",\"potentialAction\":[{\"@type\":\"SearchAction\",\"target\":{\"@type\":\"EntryPoint\",\"urlTemplate\":\"https:\/\/www.ansara-photo.com\/?s={search_term_string}\"},\"query-input\":{\"@type\":\"PropertyValueSpecification\",\"valueRequired\":true,\"valueName\":\"search_term_string\"}}],\"inLanguage\":\"fr-FR\"}]}<\/script>\n<!-- \/ Yoast SEO plugin. -->","yoast_head_json":{"title":"Cours de Laboratoire Argentique - Karin Ansara","description":"Apprendre \u00e0 d\u00e9velopper ses films argentiques et \u00e0 tirer ses photos dans un atelier photo du 12e \u00e0 Paris","robots":{"index":"index","follow":"follow","max-snippet":"max-snippet:-1","max-image-preview":"max-image-preview:large","max-video-preview":"max-video-preview:-1"},"canonical":"https:\/\/www.ansara-photo.com\/?page_id=1970","og_locale":"fr_FR","og_type":"article","og_title":"Cours de Laboratoire Argentique - Karin Ansara","og_description":"Apprendre \u00e0 d\u00e9velopper ses films argentiques et \u00e0 tirer ses photos dans un atelier photo du 12e \u00e0 Paris","og_url":"https:\/\/www.ansara-photo.com\/?page_id=1970","og_site_name":"Karin Ansara","article_modified_time":"2025-03-08T21:03:56+00:00","twitter_card":"summary_large_image","twitter_misc":{"Dur\u00e9e de lecture estim\u00e9e":"1 minute"},"schema":{"@context":"https:\/\/schema.org","@graph":[{"@type":"WebPage","@id":"https:\/\/www.ansara-photo.com\/?page_id=1970","url":"https:\/\/www.ansara-photo.com\/?page_id=1970","name":"Cours de Laboratoire Argentique - Karin Ansara","isPartOf":{"@id":"https:\/\/www.ansara-photo.com\/#website"},"datePublished":"2018-11-26T10:07:27+00:00","dateModified":"2025-03-08T21:03:56+00:00","description":"Apprendre \u00e0 d\u00e9velopper ses films argentiques et \u00e0 tirer ses photos dans un atelier photo du 12e \u00e0 Paris","breadcrumb":{"@id":"https:\/\/www.ansara-photo.com\/?page_id=1970#breadcrumb"},"inLanguage":"fr-FR","potentialAction":[{"@type":"ReadAction","target":["https:\/\/www.ansara-photo.com\/?page_id=1970"]}]},{"@type":"BreadcrumbList","@id":"https:\/\/www.ansara-photo.com\/?page_id=1970#breadcrumb","itemListElement":[{"@type":"ListItem","position":1,"name":"Home","item":"https:\/\/www.ansara-photo.com\/"},{"@type":"ListItem","position":2,"name":"Cours de Laboratoire Argentique"}]},{"@type":"WebSite","@id":"https:\/\/www.ansara-photo.com\/#website","url":"https:\/\/www.ansara-photo.com\/","name":"www.ansara-photo.com","description":"Photographe","potentialAction":[{"@type":"SearchAction","target":{"@type":"EntryPoint","urlTemplate":"https:\/\/www.ansara-photo.com\/?s={search_term_string}"},"query-input":{"@type":"PropertyValueSpecification","valueRequired":true,"valueName":"search_term_string"}}],"inLanguage":"fr-FR"}]}},"_links":{"self":[{"href":"https:\/\/www.ansara-photo.com\/index.php?rest_route=\/wp\/v2\/pages\/1970","targetHints":{"allow":["GET"]}}],"collection":[{"href":"https:\/\/www.ansara-photo.com\/index.php?rest_route=\/wp\/v2\/pages"}],"about":[{"href":"https:\/\/www.ansara-photo.com\/index.php?rest_route=\/wp\/v2\/types\/page"}],"author":[{"embeddable":true,"href":"https:\/\/www.ansara-photo.com\/index.php?rest_route=\/wp\/v2\/users\/1"}],"replies":[{"embeddable":true,"href":"https:\/\/www.ansara-photo.com\/index.php?rest_route=%2Fwp%2Fv2%2Fcomments&post=1970"}],"version-history":[{"count":3,"href":"https:\/\/www.ansara-photo.com\/index.php?rest_route=\/wp\/v2\/pages\/1970\/revisions"}],"predecessor-version":[{"id":6706,"href":"https:\/\/www.ansara-photo.com\/index.php?rest_route=\/wp\/v2\/pages\/1970\/revisions\/6706"}],"wp:attachment":[{"href":"https:\/\/www.ansara-photo.com\/index.php?rest_route=%2Fwp%2Fv2%2Fmedia&parent=1970"}],"curies":[{"name":"wp","href":"https:\/\/api.w.org\/{rel}","templated":true}]}}